55 a prime number?
False
Is 208787 composite?
False
Is 172429 prime?
False
Is 32071 composite?
True
Is 1670447 composite?
False
Is 744323 composite?
True
Is 5851355 prime?
False
Is 123001 a composite number?
False
Is 8903 a prime number?
False
Is 220579 a composite number?
False
Is 228499 prime?
False
Is 32173 prime?
True
Is 9502 prime?
False
Is 10267 a composite number?
False
Is 8561 prime?
False
Is 80609 composite?
True
Is 19319 a composite number?
False
Is 29059 a composite number?
False
Is 22921 prime?
True
Is 3243449 prime?
False
Is 2601553 a prime number?
False
Is 74411 prime?
True
Is 13849 composite?
True
Is 671 a composite number?
True
Is 22951 a composite number?
True
Is 1361 composite?
False
Is 535937 a prime number?
True
Is 66733 prime?
True
Is 1040945 composite?
True
Is 55343 a composite number?
False
Is 50035 composite?
True
Is 306611 a composite number?
True
Is 21467 a composite number?
False
Is 12667 prime?
False
Is 264977 prime?
True
Is 73669 a prime number?
False
Is 94361 prime?
False
Is 66401 prime?
False
Is 337 composite?
False
Is 62821 prime?
False
Is 6502 a composite number?
True
Is 24347 a prime number?
False
Is 794 prime?
False
Is 116201 a composite number?
False
Is 170615 prime?
False
Is 164537 composite?
True
Is 416737 a composite number?
True
Is 269921 a composite number?
True
Is 130001 composite?
True
Is 2473 prime?
True
Is 136943 a composite number?
False
Is 455453 prime?
False
Is 105191 prime?
False
Is 18287 composite?
False
Is 573247 a prime number?
True
Is 1693 prime?
True
Is 347867 a composite number?
True
Is 92693 a prime number?
True
Is 55519 composite?
True
Is 5569 a composite number?
False
Is 8743 a prime number?
False
Is 10231 a prime number?
False
Is 1151 a composite number?
False
Is 30161 a composite number?
False
Is 237043 prime?
True
Is 30259 a composite number?
False
Is 33379 composite?
True
Is 2581 a composite number?
True
Is 35173 prime?
False
Is 1241 prime?
False
Is 366193 a composite number?
False
Is 15229 composite?
True
Is 165513 prime?
False
Is 1811 prime?
True
Is 53005 a prime number?
False
Is 132131 prime?
False
Is 233097 a composite number?
True
Is 34663 prime?
False
Is 129011 composite?
False
Is 943 prime?
False
Is 33067 a prime number?
False
Is 8885 prime?
False
Is 35437 prime?
True
Is 166967 a prime number?
True
Is 576421 prime?
True
Is 8419 prime?
True
Is 96073 composite?
True
Is 157793 a composite number?
False
Is 4621 a composite number?
False
Is 13303 a composite number?
True
Is 285379 a prime number?
False
Is 1901851 a composite number?
True
Is 2633 a prime number?
True
Is 28603 a composite number?
False
Is 46049 a prime number?
True
Is 3785729 composite?
True
Is 32993 a composite number?
False
Is 1381 prime?
True
Is 2927 a composite number?
False
Is 355669 prime?
True
Is 558521 a composite number?
False
Is 2939 a composite number?
False
Is 22303 prime?
True
Is 10221 composite?
True
Is 663611 a composite number?
True
Is 152003 prime?
True
Is 1689269 a prime number?
False
Is 1741 a composite number?
False
Is 5219155 a composite number?
True
Is 100846 a composite number?
True
Is 3647 a composite number?
True
Is 32501 prime?
False
Is 2213 a prime number?
True
Is 3637 a prime number?
True
Is 1397 prime?
False
Is 53569 prime?
True
Is 2196265 composite?
True
Is 22217 prime?
False
Is 117239 a composite number?
False
Is 163409 composite?
False
Is 384791 composite?
True
Is 9809 a prime number?
False
Is 4289 a composite number?
False
Is 18053 prime?
False
Is 1985689 composite?
False
Is 269639 a prime number?
False
Is 89477 a prime number?
True
Is 5099 a composite number?
False
Is 314 prime?
False
Is 286837 composite?
True
Is 69109 prime?
True
Is 2183921 prime?
True
Is 105319 prime?
True
Is 4637 a prime number?
True
Is 3635 composite?
True
Is 2489477 composite?
False
Is 19741 composite?
True
Is 130319 prime?
False
Is 274145 a prime number?
False
Is 208787 composite?
False
Is 2809 a composite number?
True
Is 839 composite?
False
Is 2371 a composite number?
False
Is 1343503 a prime number?
False
Is 194861 composite?
False
Is 11597 a composite number?
False
Is 960443 a composite number?
True
Is 164341 a composite number?
False
Is 137303 prime?
True
Is 674773 a prime number?
False
Is 34967 a composite number?
True
Is 24143 composite?
True
Is 64709 prime?
True
Is 3499 a composite number?
False
Is 657563 prime?
False
Is 20897 prime?
True
Is 13241 composite?
False
Is 619897 a prime number?
True
Is 20613 prime?
False
Is 3011 a composite number?
False
Is 31531 a composite number?
False
Is 595343 prime?
False
Is 91101 prime?
False
Is 387431 a prime number?
False
Is 11791 a composite number?
True
Is 53777 a prime number?
True
Is 355277 a prime number?
False
Is 5545 a composite number?
True
Is 390401 a composite number?
True
Is 494327 composite?
False
Is 30746 prime?
False
Is 2339 a prime number?
True
Is 177511 a prime number?
True
Is 3635 composite?
True
Is 31531 prime?
True
Is 2159 composite?
True
Is 253229 composite?
False
Is 168539 prime?
False
Is 75821 a composite number?
False
Is 14585 composite?
True
Is 45361 a prime number?
True
Is 5147 a composite number?
False
Is 26491 a composite number?
True
Is 2531 prime?
True
Is 48641 prime?
False
Is 774759 composite?
True
Is 37457 a prime number?
False
Is 631 composite?
False
Is 181166 composite?
True
Is 12661 prime?
False
Is 74827 composite?
False
Is 17359 prime?
True
Is 29473 a prime number?
True
Is 6299 a prime number?
True
Is 22709 prime?
True
Is 235129 prime?
False
Is 611003 a composite number?
True
Is 581 a prime number?
False
Is 644627 a prime number?
False
Is 464691 composite?
True
Is 664357 composite?
False
Is 13217 a prime number?
True
Is 1779819 a composite number?
True
Is 91571 composite?
False
Is 236743 a prime number?
False
Is 1858 a composite number?
True
Is 69769 composite?
True
Is 12131 prime?
False
Is 1144669 prime?
False
Is 60751 a composite number?
True
Is 32167 prime?
False
Is 214063 prime?
True
Is 64401 composite?
True
Is 290426 a composite number?
True
Is 1785869 a prime number?
True
Is 25195 a composite number?
True
Is 3587 a prime number?
False
Is 25927 a prime number?
False
Is 8417 a prime number?
False
Is 325651 composite?
True
Is 97511 a composite number?
False
Is 45587 a composite number?
False
Is 1519963 a prime number?
False
Is 237011 a composite number?
False
Is 176323 a prime number?
False
Is 6073 composite?
False
Is 1754691 composite?
True
Is 195311 a composite number?
False
Is 164911 a composite number?
False
Is 22433 prime?
True
Is 68537 composite?
True
Is 694 a composite number?
True
Is 339553 a composite number?
True
Is 615131 prime?
False
Is 573803 a prime number?
False
Is 517817 prime?
True
Is 37817 composite?
True
Is 673 a prime number?
True
Is 14281 composite?
False
Is 16217 prime?
True
Is 31009 a prime number?
False
Is 829 prime?
True
Is 10723 prime?
True
Is 99001 prime?
False
Is 107582 prime?
False
Is 7615 a prime number?
False
Is 1133 a composite number?
True
Is 70049 a composite number?
True
Is 6229 a composite number?
False
Is 19373 prime?
True
Is 30907 composite?
True
Is 4721 a composite number?
False
Is 45053 a prime number?
True
Is 88805 a composite number?
True
Is 322913 prime?
False
Is 216989 a composite number?
True
Is 62311 a composite number?
False
Is 98999 a composite number?
False
Is 14438 a composite number?
True
Is 38501 a prime number?
True
Is 14493 a composite number?
True
Is 252073 prime?
False
Is 119129 prime?
True
Is 312839 a composite number?
False
Is 2202851 a prime number?
False
Is 72851 a prime number?
False
Is 4783 a composite number?
False
Is 1937 prime?
False
Is 2281 composite?
False
Is 91193 prime?
True
Is 456349 a composite number?
False
Is 3079 composite?
False
Is 8513 a composite number?
False
Is 356311 composite?
False
Is 787 a prime number?
True
Is 51477 a prime number?
False
Is 25589 a composite number?
False
Is 23251 a composite number?
False
Is 17647 a prime number?
False
Is 113647 a composite number?
False
Is 259499 prime?
True
Is 23969 prime?
False
Is 39469 composite?
True
Is 899 composite?
True
Is 10862 a composite number?
True
Is 505585 prime?
False
Is 821 a prime number?
True
Is 178739 composite?
True
Is 739153 a composite number?
False
Is 2232205 composite?
True
Is 9391